{"id":19025,"date":"2025-11-14T22:20:14","date_gmt":"2025-11-14T21:20:14","guid":{"rendered":"https:\/\/www.stempeltier.de\/blog\/?post_type=product&#038;p=19025"},"modified":"2025-11-14T22:32:17","modified_gmt":"2025-11-14T21:32:17","slug":"minikatalog-fruehlingskatalog-2026","status":"publish","type":"product","link":"https:\/\/www.stempeltier.de\/blog\/shop\/stampinup-kataloge\/minikatalog-fruehlingskatalog-2026\/","title":{"rendered":"Minikatalog 2026"},"content":{"rendered":"<p>Stampin&#8216; Up! Minikatalog Jan-Apr 2026<\/p>\n<p><b>Hinweis:<\/b><\/p>\n<div>Wenn Du in den letzten 6 Monaten bestellt hast, sende ich den Katalog automatisch zu.<\/div>\n<div>\n<p>Der Katalog ist f\u00fcr Dich kostenlos. Ich finanziere die Kosten f\u00fcr Katalog und Versand \u00fcber Deine Bestellungen. Solltest Du nicht an einer Bestellung interessiert sein und auch nach mehreren Katalogzusendungen nicht bei mir bestellen, behalte ich mir vor dir zuk\u00fcnftig nur noch gegen \u00dcbernahme der Kosten einen Katalog zu senden.<\/p>\n<div>Vielen Dank f\u00fcr Dein Verst\u00e4ndnis.<\/div>\n<\/div>\n<p>&nbsp;<\/p>\n<div class=\"shariff shariff-align-center shariff-widget-align-flex-start\" data-services=\"facebook%7Cpinterest\" data-url=\"https%3A%2F%2Fwww.stempeltier.de%2Fblog%2Fshop%2Fstampinup-kataloge%2Fminikatalog-fruehlingskatalog-2026%2F\" data-timestamp=\"1763159537\" data-backendurl=\"https:\/\/www.stempeltier.de\/blog\/wp-json\/shariff\/v1\/share_counts?\"><div class=\"ShariffHeadline\">Sharing is caring - Teilen erlaubt<\/div><ul class=\"shariff-buttons theme-round orientation-horizontal buttonsize-medium\"><li class=\"shariff-button facebook shariff-nocustomcolor\" style=\"background-color:#4273c8\"><a href=\"https:\/\/www.facebook.com\/sharer\/sharer.php?u=https%3A%2F%2Fwww.stempeltier.de%2Fblog%2Fshop%2Fstampinup-kataloge%2Fminikatalog-fruehlingskatalog-2026%2F\" title=\"Bei Facebook teilen\" aria-label=\"Bei Facebook teilen\" role=\"button\" rel=\"nofollow\" class=\"shariff-link\" style=\"; background-color:#3b5998; color:#fff\" target=\"_blank\"><span class=\"shariff-icon\" style=\"\"><svg width=\"32px\" height=\"20px\" xmlns=\"http:\/\/www.w3.org\/2000\/svg\" viewBox=\"0 0 18 32\"><path fill=\"#3b5998\" d=\"M17.1 0.2v4.7h-2.8q-1.5 0-2.1 0.6t-0.5 1.9v3.4h5.2l-0.7 5.3h-4.5v13.6h-5.5v-13.6h-4.5v-5.3h4.5v-3.9q0-3.3 1.9-5.2t5-1.8q2.6 0 4.1 0.2z\"\/><\/svg><\/span><span data-service=\"facebook\" style=\"color:#3b5998\" class=\"shariff-count shariff-hidezero\"><\/span>&nbsp;<\/a><\/li><li class=\"shariff-button twitter shariff-nocustomcolor\" style=\"background-color:#595959\"><a href=\"https:\/\/twitter.com\/share?url=https%3A%2F%2Fwww.stempeltier.de%2Fblog%2Fshop%2Fstampinup-kataloge%2Fminikatalog-fruehlingskatalog-2026%2F&text=Minikatalog%202026\" title=\"Bei X teilen\" aria-label=\"Bei X teilen\" role=\"button\" rel=\"noopener nofollow\" class=\"shariff-link\" style=\"; background-color:#000; color:#fff\" target=\"_blank\"><span class=\"shariff-icon\" style=\"\"><svg width=\"32px\" height=\"20px\" xmlns=\"http:\/\/www.w3.org\/2000\/svg\" viewBox=\"0 0 24 24\"><path fill=\"#000\" d=\"M14.258 10.152L23.176 0h-2.113l-7.747 8.813L7.133 0H0l9.352 13.328L0 23.973h2.113l8.176-9.309 6.531 9.309h7.133zm-2.895 3.293l-.949-1.328L2.875 1.56h3.246l6.086 8.523.945 1.328 7.91 11.078h-3.246zm0 0\"\/><\/svg><\/span><\/a><\/li><li class=\"shariff-button pinterest shariff-nocustomcolor\" style=\"background-color:#e70f18\"><a href=\"https:\/\/www.pinterest.com\/pin\/create\/link\/?url=https%3A%2F%2Fwww.stempeltier.de%2Fblog%2Fshop%2Fstampinup-kataloge%2Fminikatalog-fruehlingskatalog-2026%2F&media=https%3A%2F%2Fwww.stempeltier.de%2Fblog%2Fwp-content%2Fuploads%2F2025%2F11%2Fstampin-up-minikatalog-januar-april-fruehling-2026.png&description=Minikatalog%202026\" title=\"Bei Pinterest pinnen\" aria-label=\"Bei Pinterest pinnen\" role=\"button\" rel=\"noopener nofollow\" class=\"shariff-link\" style=\"; background-color:#cb2027; color:#fff\" target=\"_blank\"><span class=\"shariff-icon\" style=\"\"><svg width=\"32px\" height=\"20px\" xmlns=\"http:\/\/www.w3.org\/2000\/svg\" viewBox=\"0 0 27 32\"><path fill=\"#cb2027\" d=\"M27.4 16q0 3.7-1.8 6.9t-5 5-6.9 1.9q-2 0-3.9-0.6 1.1-1.7 1.4-2.9 0.2-0.6 1-3.8 0.4 0.7 1.3 1.2t2 0.5q2.1 0 3.8-1.2t2.7-3.4 0.9-4.8q0-2-1.1-3.8t-3.1-2.9-4.5-1.2q-1.9 0-3.5 0.5t-2.8 1.4-2 2-1.2 2.3-0.4 2.4q0 1.9 0.7 3.3t2.1 2q0.5 0.2 0.7-0.4 0-0.1 0.1-0.5t0.2-0.5q0.1-0.4-0.2-0.8-0.9-1.1-0.9-2.7 0-2.7 1.9-4.6t4.9-2q2.7 0 4.2 1.5t1.5 3.8q0 3-1.2 5.2t-3.1 2.1q-1.1 0-1.7-0.8t-0.4-1.9q0.1-0.6 0.5-1.7t0.5-1.8 0.2-1.4q0-0.9-0.5-1.5t-1.4-0.6q-1.1 0-1.9 1t-0.8 2.6q0 1.3 0.4 2.2l-1.8 7.5q-0.3 1.2-0.2 3.2-3.7-1.6-6-5t-2.3-7.6q0-3.7 1.9-6.9t5-5 6.9-1.9 6.9 1.9 5 5 1.8 6.9z\"\/><\/svg><\/span><span data-service=\"pinterest\" style=\"color:#cb2027\" class=\"shariff-count shariff-hidezero\"><\/span>&nbsp;<\/a><\/li><li class=\"shariff-button whatsapp shariff-nocustomcolor\" style=\"background-color:#5cbe4a\"><a href=\"https:\/\/api.whatsapp.com\/send?text=https%3A%2F%2Fwww.stempeltier.de%2Fblog%2Fshop%2Fstampinup-kataloge%2Fminikatalog-fruehlingskatalog-2026%2F%20Minikatalog%202026\" title=\"Bei Whatsapp teilen\" aria-label=\"Bei Whatsapp teilen\" role=\"button\" rel=\"noopener nofollow\" class=\"shariff-link\" style=\"; background-color:#34af23; color:#fff\" target=\"_blank\"><span class=\"shariff-icon\" style=\"\"><svg width=\"32px\" height=\"20px\" xmlns=\"http:\/\/www.w3.org\/2000\/svg\" viewBox=\"0 0 32 32\"><path fill=\"#34af23\" d=\"M17.6 17.4q0.2 0 1.7 0.8t1.6 0.9q0 0.1 0 0.3 0 0.6-0.3 1.4-0.3 0.7-1.3 1.2t-1.8 0.5q-1 0-3.4-1.1-1.7-0.8-3-2.1t-2.6-3.3q-1.3-1.9-1.3-3.5v-0.1q0.1-1.6 1.3-2.8 0.4-0.4 0.9-0.4 0.1 0 0.3 0t0.3 0q0.3 0 0.5 0.1t0.3 0.5q0.1 0.4 0.6 1.6t0.4 1.3q0 0.4-0.6 1t-0.6 0.8q0 0.1 0.1 0.3 0.6 1.3 1.8 2.4 1 0.9 2.7 1.8 0.2 0.1 0.4 0.1 0.3 0 1-0.9t0.9-0.9zM14 26.9q2.3 0 4.3-0.9t3.6-2.4 2.4-3.6 0.9-4.3-0.9-4.3-2.4-3.6-3.6-2.4-4.3-0.9-4.3 0.9-3.6 2.4-2.4 3.6-0.9 4.3q0 3.6 2.1 6.6l-1.4 4.2 4.3-1.4q2.8 1.9 6.2 1.9zM14 2.2q2.7 0 5.2 1.1t4.3 2.9 2.9 4.3 1.1 5.2-1.1 5.2-2.9 4.3-4.3 2.9-5.2 1.1q-3.5 0-6.5-1.7l-7.4 2.4 2.4-7.2q-1.9-3.2-1.9-6.9 0-2.7 1.1-5.2t2.9-4.3 4.3-2.9 5.2-1.1z\"\/><\/svg><\/span><\/a><\/li><li class=\"shariff-button mailto shariff-nocustomcolor\" style=\"background-color:#a8a8a8\"><a href=\"mailto:?body=https%3A%2F%2Fwww.stempeltier.de%2Fblog%2Fshop%2Fstampinup-kataloge%2Fminikatalog-fruehlingskatalog-2026%2F&subject=Minikatalog%202026\" title=\"Per E-Mail versenden\" aria-label=\"Per E-Mail versenden\" role=\"button\" rel=\"noopener nofollow\" class=\"shariff-link\" style=\"; background-color:#999; color:#fff\"><span class=\"shariff-icon\" style=\"\"><svg width=\"32px\" height=\"20px\" xmlns=\"http:\/\/www.w3.org\/2000\/svg\" viewBox=\"0 0 32 32\"><path fill=\"#999\" d=\"M32 12.7v14.2q0 1.2-0.8 2t-2 0.9h-26.3q-1.2 0-2-0.9t-0.8-2v-14.2q0.8 0.9 1.8 1.6 6.5 4.4 8.9 6.1 1 0.8 1.6 1.2t1.7 0.9 2 0.4h0.1q0.9 0 2-0.4t1.7-0.9 1.6-1.2q3-2.2 8.9-6.1 1-0.7 1.8-1.6zM32 7.4q0 1.4-0.9 2.7t-2.2 2.2q-6.7 4.7-8.4 5.8-0.2 0.1-0.7 0.5t-1 0.7-0.9 0.6-1.1 0.5-0.9 0.2h-0.1q-0.4 0-0.9-0.2t-1.1-0.5-0.9-0.6-1-0.7-0.7-0.5q-1.6-1.1-4.7-3.2t-3.6-2.6q-1.1-0.7-2.1-2t-1-2.5q0-1.4 0.7-2.3t2.1-0.9h26.3q1.2 0 2 0.8t0.9 2z\"\/><\/svg><\/span><\/a><\/li><\/ul><\/div>","protected":false},"excerpt":{"rendered":"<p>Stampin&#8216; Up! Minikatalog Jan-Apr 2026 Hinweis: Wenn Du in den letzten 6 Monaten bestellt hast, sende ich den Katalog automatisch zu. Der Katalog ist f\u00fcr Dich kostenlos. Ich finanziere die Kosten f\u00fcr Katalog und Versand \u00fcber Deine Bestellungen. Solltest Du&hellip; <\/p>\n","protected":false},"featured_media":19020,"template":"","meta":{"jetpack_post_was_ever_published":false},"product_brand":[],"product_cat":[954],"product_tag":[955,1186,1187],"class_list":{"0":"post-19025","1":"product","2":"type-product","3":"status-publish","4":"has-post-thumbnail","6":"product_cat-stampinup-kataloge","7":"product_tag-katalog","8":"product_tag-minikatalog","9":"product_tag-minikatalog-2026","11":"first","12":"instock","13":"sold-individually","14":"shipping-taxable","15":"purchasable","16":"product-type-simple"},"yoast_head":"<!-- This site is optimized with the Yoast SEO plugin v25.6 - https:\/\/yoast.com\/wordpress\/plugins\/seo\/ -->\n<title>Minikatalog 2026 - Stempeltier<\/title>\n<meta name=\"description\" content=\"Bestelle dir hier den neuen Fr\u00fchling Sommer Minikatalog 2026 von Stampin&#039; Up! \u00aeund entdecke alle Neuheiten.\" \/>\n<meta name=\"robots\" content=\"index, follow, max-snippet:-1, max-image-preview:large, max-video-preview:-1\" \/>\n<link rel=\"canonical\" href=\"https:\/\/www.stempeltier.de\/blog\/shop\/stampinup-kataloge\/minikatalog-fruehlingskatalog-2026\/\" \/>\n<meta property=\"og:locale\" content=\"de_DE\" \/>\n<meta property=\"og:type\" content=\"article\" \/>\n<meta property=\"og:title\" content=\"Minikatalog 2026 - Stempeltier\" \/>\n<meta property=\"og:description\" content=\"Bestelle dir hier den neuen Fr\u00fchling Sommer Minikatalog 2026 von Stampin&#039; Up! \u00aeund entdecke alle Neuheiten.\" \/>\n<meta property=\"og:url\" content=\"https:\/\/www.stempeltier.de\/blog\/shop\/stampinup-kataloge\/minikatalog-fruehlingskatalog-2026\/\" \/>\n<meta property=\"og:site_name\" content=\"Stempeltier\" \/>\n<meta property=\"article:publisher\" content=\"http:\/\/www.facebook.com\/DasStempeltier\" \/>\n<meta property=\"article:modified_time\" content=\"2025-11-14T21:32:17+00:00\" \/>\n<meta property=\"og:image\" content=\"https:\/\/www.stempeltier.de\/blog\/wp-content\/uploads\/2025\/11\/stampin-up-minikatalog-januar-april-fruehling-2026.png\" \/>\n\t<meta property=\"og:image:width\" content=\"1005\" \/>\n\t<meta property=\"og:image:height\" content=\"777\" \/>\n\t<meta property=\"og:image:type\" content=\"image\/png\" \/>\n<meta name=\"twitter:card\" content=\"summary_large_image\" \/>\n<meta name=\"twitter:label1\" content=\"Gesch\u00e4tzte Lesezeit\" \/>\n\t<meta name=\"twitter:data1\" content=\"1\u00a0Minute\" \/>\n<script type=\"application\/ld+json\" class=\"yoast-schema-graph\">{\"@context\":\"https:\/\/schema.org\",\"@graph\":[{\"@type\":\"WebPage\",\"@id\":\"https:\/\/www.stempeltier.de\/blog\/shop\/stampinup-kataloge\/minikatalog-fruehlingskatalog-2026\/\",\"url\":\"https:\/\/www.stempeltier.de\/blog\/shop\/stampinup-kataloge\/minikatalog-fruehlingskatalog-2026\/\",\"name\":\"Minikatalog 2026 - Stempeltier\",\"isPartOf\":{\"@id\":\"https:\/\/www.stempeltier.de\/blog\/#website\"},\"primaryImageOfPage\":{\"@id\":\"https:\/\/www.stempeltier.de\/blog\/shop\/stampinup-kataloge\/minikatalog-fruehlingskatalog-2026\/#primaryimage\"},\"image\":{\"@id\":\"https:\/\/www.stempeltier.de\/blog\/shop\/stampinup-kataloge\/minikatalog-fruehlingskatalog-2026\/#primaryimage\"},\"thumbnailUrl\":\"https:\/\/www.stempeltier.de\/blog\/wp-content\/uploads\/2025\/11\/stampin-up-minikatalog-januar-april-fruehling-2026.png\",\"datePublished\":\"2025-11-14T21:20:14+00:00\",\"dateModified\":\"2025-11-14T21:32:17+00:00\",\"description\":\"Bestelle dir hier den neuen Fr\u00fchling Sommer Minikatalog 2026 von Stampin' Up! \u00aeund entdecke alle Neuheiten.\",\"breadcrumb\":{\"@id\":\"https:\/\/www.stempeltier.de\/blog\/shop\/stampinup-kataloge\/minikatalog-fruehlingskatalog-2026\/#breadcrumb\"},\"inLanguage\":\"de\",\"potentialAction\":[{\"@type\":\"ReadAction\",\"target\":[\"https:\/\/www.stempeltier.de\/blog\/shop\/stampinup-kataloge\/minikatalog-fruehlingskatalog-2026\/\"]}]},{\"@type\":\"ImageObject\",\"inLanguage\":\"de\",\"@id\":\"https:\/\/www.stempeltier.de\/blog\/shop\/stampinup-kataloge\/minikatalog-fruehlingskatalog-2026\/#primaryimage\",\"url\":\"https:\/\/www.stempeltier.de\/blog\/wp-content\/uploads\/2025\/11\/stampin-up-minikatalog-januar-april-fruehling-2026.png\",\"contentUrl\":\"https:\/\/www.stempeltier.de\/blog\/wp-content\/uploads\/2025\/11\/stampin-up-minikatalog-januar-april-fruehling-2026.png\",\"width\":1005,\"height\":777,\"caption\":\"stampin up minikatalog januar april fr\u00fchling 2026\"},{\"@type\":\"BreadcrumbList\",\"@id\":\"https:\/\/www.stempeltier.de\/blog\/shop\/stampinup-kataloge\/minikatalog-fruehlingskatalog-2026\/#breadcrumb\",\"itemListElement\":[{\"@type\":\"ListItem\",\"position\":1,\"name\":\"Startseite\",\"item\":\"https:\/\/www.stempeltier.de\/blog\/\"},{\"@type\":\"ListItem\",\"position\":2,\"name\":\"Shop\",\"item\":\"https:\/\/www.stempeltier.de\/blog\/shop\/\"},{\"@type\":\"ListItem\",\"position\":3,\"name\":\"Minikatalog 2026\"}]},{\"@type\":\"WebSite\",\"@id\":\"https:\/\/www.stempeltier.de\/blog\/#website\",\"url\":\"https:\/\/www.stempeltier.de\/blog\/\",\"name\":\"Stempeltier\",\"description\":\"Kreative Gl\u00fccksmomente aus Papier\",\"potentialAction\":[{\"@type\":\"SearchAction\",\"target\":{\"@type\":\"EntryPoint\",\"urlTemplate\":\"https:\/\/www.stempeltier.de\/blog\/?s={search_term_string}\"},\"query-input\":{\"@type\":\"PropertyValueSpecification\",\"valueRequired\":true,\"valueName\":\"search_term_string\"}}],\"inLanguage\":\"de\"}]}<\/script>\n<!-- \/ Yoast SEO plugin. -->","yoast_head_json":{"title":"Minikatalog 2026 - Stempeltier","description":"Bestelle dir hier den neuen Fr\u00fchling Sommer Minikatalog 2026 von Stampin' Up! \u00aeund entdecke alle Neuheiten.","robots":{"index":"index","follow":"follow","max-snippet":"max-snippet:-1","max-image-preview":"max-image-preview:large","max-video-preview":"max-video-preview:-1"},"canonical":"https:\/\/www.stempeltier.de\/blog\/shop\/stampinup-kataloge\/minikatalog-fruehlingskatalog-2026\/","og_locale":"de_DE","og_type":"article","og_title":"Minikatalog 2026 - Stempeltier","og_description":"Bestelle dir hier den neuen Fr\u00fchling Sommer Minikatalog 2026 von Stampin' Up! \u00aeund entdecke alle Neuheiten.","og_url":"https:\/\/www.stempeltier.de\/blog\/shop\/stampinup-kataloge\/minikatalog-fruehlingskatalog-2026\/","og_site_name":"Stempeltier","article_publisher":"http:\/\/www.facebook.com\/DasStempeltier","article_modified_time":"2025-11-14T21:32:17+00:00","og_image":[{"width":1005,"height":777,"url":"https:\/\/www.stempeltier.de\/blog\/wp-content\/uploads\/2025\/11\/stampin-up-minikatalog-januar-april-fruehling-2026.png","type":"image\/png"}],"twitter_card":"summary_large_image","twitter_misc":{"Gesch\u00e4tzte Lesezeit":"1\u00a0Minute"},"schema":{"@context":"https:\/\/schema.org","@graph":[{"@type":"WebPage","@id":"https:\/\/www.stempeltier.de\/blog\/shop\/stampinup-kataloge\/minikatalog-fruehlingskatalog-2026\/","url":"https:\/\/www.stempeltier.de\/blog\/shop\/stampinup-kataloge\/minikatalog-fruehlingskatalog-2026\/","name":"Minikatalog 2026 - Stempeltier","isPartOf":{"@id":"https:\/\/www.stempeltier.de\/blog\/#website"},"primaryImageOfPage":{"@id":"https:\/\/www.stempeltier.de\/blog\/shop\/stampinup-kataloge\/minikatalog-fruehlingskatalog-2026\/#primaryimage"},"image":{"@id":"https:\/\/www.stempeltier.de\/blog\/shop\/stampinup-kataloge\/minikatalog-fruehlingskatalog-2026\/#primaryimage"},"thumbnailUrl":"https:\/\/www.stempeltier.de\/blog\/wp-content\/uploads\/2025\/11\/stampin-up-minikatalog-januar-april-fruehling-2026.png","datePublished":"2025-11-14T21:20:14+00:00","dateModified":"2025-11-14T21:32:17+00:00","description":"Bestelle dir hier den neuen Fr\u00fchling Sommer Minikatalog 2026 von Stampin' Up! \u00aeund entdecke alle Neuheiten.","breadcrumb":{"@id":"https:\/\/www.stempeltier.de\/blog\/shop\/stampinup-kataloge\/minikatalog-fruehlingskatalog-2026\/#breadcrumb"},"inLanguage":"de","potentialAction":[{"@type":"ReadAction","target":["https:\/\/www.stempeltier.de\/blog\/shop\/stampinup-kataloge\/minikatalog-fruehlingskatalog-2026\/"]}]},{"@type":"ImageObject","inLanguage":"de","@id":"https:\/\/www.stempeltier.de\/blog\/shop\/stampinup-kataloge\/minikatalog-fruehlingskatalog-2026\/#primaryimage","url":"https:\/\/www.stempeltier.de\/blog\/wp-content\/uploads\/2025\/11\/stampin-up-minikatalog-januar-april-fruehling-2026.png","contentUrl":"https:\/\/www.stempeltier.de\/blog\/wp-content\/uploads\/2025\/11\/stampin-up-minikatalog-januar-april-fruehling-2026.png","width":1005,"height":777,"caption":"stampin up minikatalog januar april fr\u00fchling 2026"},{"@type":"BreadcrumbList","@id":"https:\/\/www.stempeltier.de\/blog\/shop\/stampinup-kataloge\/minikatalog-fruehlingskatalog-2026\/#breadcrumb","itemListElement":[{"@type":"ListItem","position":1,"name":"Startseite","item":"https:\/\/www.stempeltier.de\/blog\/"},{"@type":"ListItem","position":2,"name":"Shop","item":"https:\/\/www.stempeltier.de\/blog\/shop\/"},{"@type":"ListItem","position":3,"name":"Minikatalog 2026"}]},{"@type":"WebSite","@id":"https:\/\/www.stempeltier.de\/blog\/#website","url":"https:\/\/www.stempeltier.de\/blog\/","name":"Stempeltier","description":"Kreative Gl\u00fccksmomente aus Papier","potentialAction":[{"@type":"SearchAction","target":{"@type":"EntryPoint","urlTemplate":"https:\/\/www.stempeltier.de\/blog\/?s={search_term_string}"},"query-input":{"@type":"PropertyValueSpecification","valueRequired":true,"valueName":"search_term_string"}}],"inLanguage":"de"}]}},"jetpack-related-posts":[],"jetpack_sharing_enabled":true,"_links":{"self":[{"href":"https:\/\/www.stempeltier.de\/blog\/wp-json\/wp\/v2\/product\/19025"}],"collection":[{"href":"https:\/\/www.stempeltier.de\/blog\/wp-json\/wp\/v2\/product"}],"about":[{"href":"https:\/\/www.stempeltier.de\/blog\/wp-json\/wp\/v2\/types\/product"}],"wp:featuredmedia":[{"embeddable":true,"href":"https:\/\/www.stempeltier.de\/blog\/wp-json\/wp\/v2\/media\/19020"}],"wp:attachment":[{"href":"https:\/\/www.stempeltier.de\/blog\/wp-json\/wp\/v2\/media?parent=19025"}],"wp:term":[{"taxonomy":"product_brand","embeddable":true,"href":"https:\/\/www.stempeltier.de\/blog\/wp-json\/wp\/v2\/product_brand?post=19025"},{"taxonomy":"product_cat","embeddable":true,"href":"https:\/\/www.stempeltier.de\/blog\/wp-json\/wp\/v2\/product_cat?post=19025"},{"taxonomy":"product_tag","embeddable":true,"href":"https:\/\/www.stempeltier.de\/blog\/wp-json\/wp\/v2\/product_tag?post=19025"}],"curies":[{"name":"wp","href":"https:\/\/api.w.org\/{rel}","templated":true}]}}